{"id":99,"date":"2022-02-15T10:16:40","date_gmt":"2022-02-15T13:16:40","guid":{"rendered":"http:\/\/45.179.89.68\/~coordm\/?page_id=99"},"modified":"2022-02-24T11:32:50","modified_gmt":"2022-02-24T14:32:50","slug":"legislacoes","status":"publish","type":"page","link":"http:\/\/coordenadoriadamulher.campinagrande.pb.gov.br\/?page_id=99","title":{"rendered":"Legisla\u00e7\u00f5es"},"content":{"rendered":"<ul>\n<li><span style=\"font-family: inherit, serif;\"><span style=\"color: #000000;\">Lei Maria da Penha (11.340\/2006): Cria mecanismos para coibir a viol\u00eancia dom\u00e9stica e familiar contra a mulher e estabelece medidas de assist\u00eancia e prote\u00e7\u00e3o. (<\/span><\/span><u><a href=\"http:\/\/www.planalto.gov.br\/ccivil_03\/_ato2004-2006\/2006\/lei\/l11340.htm\"><span style=\"font-family: inherit, serif;\"><span style=\"color: #0563c1;\">http:\/\/www.planalto.gov.br\/ccivil_03\/_ato2004-2006\/2006\/lei\/l11340.htm<\/span><\/span><\/a><\/u><span style=\"font-family: inherit, serif;\"><span style=\"color: #000000;\">)<br \/>\n<\/span><\/span><\/li>\n<li><span style=\"font-family: inherit, serif;\"><span style=\"color: #000000;\">Lei Carolina Dieckmann (12.737\/2012): Tornou<\/span><\/span><span style=\"font-family: inherit, serif;\"><span style=\"font-size: small;\"><span style=\"color: #333333;\">\u00a0crime a invas\u00e3o de aparelhos eletr\u00f4nicos para obten\u00e7\u00e3o de dados particulares. (<\/span><\/span><\/span><u><a href=\"http:\/\/www.planalto.gov.br\/ccivil_03\/_ato2011-2014\/2012\/lei\/l12737.htm\"><span style=\"font-family: inherit, serif;\"><span style=\"font-size: small;\"><span style=\"color: #0563c1;\">http:\/\/www.planalto.gov.br\/ccivil_03\/_ato2011-2014\/2012\/lei\/l12737.htm<\/span><\/span><\/span><\/a><\/u><span style=\"font-family: inherit, serif;\"><span style=\"font-size: small;\"><span style=\"color: #333333;\">)\n<p><\/span><\/span><\/span><\/li>\n<li><span style=\"font-family: inherit, serif;\"><span style=\"color: #000000;\">Lei do Minuto Seguinte (12.845\/2013): Oferece garantias a v\u00edtimas de viol\u00eancia sexual, como atendimento imediato pelo SUS, amparo m\u00e9dico, psicol\u00f3gico e social, exames preventivos e informa\u00e7\u00f5es sobre seus direitos. <\/span><\/span><span style=\"color: #000000;\">(<\/span><u><a href=\"http:\/\/www.planalto.gov.br\/ccivil_03\/_ato2011-2014\/2013\/lei\/l12845.htm\"><span><span style=\"color: #0563c1;\">http:\/\/www.planalto.gov.br\/ccivil_03\/_ato2011-2014\/2013\/lei\/l12845.htm<\/span><\/span><\/a><\/u><span><span style=\"color: #000000;\">)<\/span><\/span><\/li>\n<\/ul>\n<ul>\n<li><span style=\"font-family: inherit, serif;\"><span style=\"color: #000000;\">Lei Joana Maranh\u00e3o (12.650\/2015): Alterou os prazos quanto a prescri\u00e7\u00e3o de crimes de abusos sexuais de crian\u00e7as e adolescentes. A prescri\u00e7\u00e3o passou a valer ap\u00f3s a v\u00edtima completar 18 anos, e o prazo para den\u00fancia aumentou para 20 anos (<\/span><\/span><u><a href=\"http:\/\/www.planalto.gov.br\/ccivil_03\/_ato2011-2014\/2012\/lei\/l12650.htm\"><span style=\"font-family: inherit, serif;\"><span style=\"color: #0563c1;\">http:\/\/www.planalto.gov.br\/ccivil_03\/_ato2011-2014\/2012\/lei\/l12650.htm<\/span><\/span><\/a><\/u><span style=\"font-family: inherit, serif;\"><span style=\"color: #000000;\">)\n<p><\/span><\/span><\/li>\n<li><span style=\"font-family: inherit, serif;\"><span style=\"color: #000000;\">Lei do Feminic\u00eddio (13.104\/2015): Prev\u00ea o feminic\u00eddio como circunst\u00e2ncia qualificadora do crime de homic\u00eddio, ou seja, quando crime for praticado contra a mulher por raz\u00f5es da condi\u00e7\u00e3o de sexo feminino (<\/span><\/span><u><a href=\"http:\/\/www.planalto.gov.br\/ccivil_03\/_ato2015-2018\/2015\/lei\/l13104.htm\"><span style=\"font-family: inherit, serif;\"><span style=\"color: #0563c1;\">http:\/\/www.planalto.gov.br\/ccivil_03\/_ato2015-2018\/2015\/lei\/l13104.htm<\/span><\/span><\/a><\/u><span style=\"font-family: inherit, serif;\"><span style=\"color: #000000;\">) <\/span><\/span><\/li>\n<\/ul>\n    <!-- sktbuilder starter --><script type=\"text\/javascript\" src=\"http:\/\/coordenadoriadamulher.campinagrande.pb.gov.br\/wp-content\/plugins\/skt-builder\/sktbuilder\/sktbuilder-frontend-starter.js\"><\/script><script type=\"text\/javascript\" src=\"http:\/\/coordenadoriadamulher.campinagrande.pb.gov.br\/wp-content\/plugins\/skt-builder\/sktbuilder-wordpress-driver.js\"><\/script><script type=\"text\/javascript\"> var starter = new SktbuilderStarter({\"mode\": \"prod\", \"skip\":[\"jquery\",\"underscore\",\"backbone\"],\"sktbuilderUrl\": \"http:\/\/coordenadoriadamulher.campinagrande.pb.gov.br\/wp-content\/plugins\/skt-builder\/sktbuilder\/\", \"driver\": new SktbuilderWordpressDriver({\"ajaxUrl\": \"http:\/\/coordenadoriadamulher.campinagrande.pb.gov.br\/wp-admin\/admin-ajax.php\", \"iframeUrl\": \"http:\/\/coordenadoriadamulher.campinagrande.pb.gov.br\/?page_id=99&sktbuilder=true\", \"pageId\": 99, \"pages\": [{\"title\":\"Home\",\"url\":\"http:\\\/\\\/coordenadoriadamulher.campinagrande.pb.gov.br\\\/wp-admin\\\/post.php?post=8&action=sktbuilder\"},{\"title\":\"Equipe\",\"url\":\"http:\\\/\\\/coordenadoriadamulher.campinagrande.pb.gov.br\\\/wp-admin\\\/post.php?post=88&action=sktbuilder\"},{\"title\":\"Contato\",\"url\":\"http:\\\/\\\/coordenadoriadamulher.campinagrande.pb.gov.br\\\/wp-admin\\\/post.php?post=192&action=sktbuilder\"}], \"page\": \"Legisla\u00e7\u00f5es\" }) });<\/script><!-- end sktbuilder starter -->","protected":false},"excerpt":{"rendered":"<p>Lei Maria da Penha (11.340\/2006): Cria mecanismos para coibir a viol\u00eancia dom\u00e9stica e familiar contra a mulher e estabelece medidas de assist\u00eancia e prote\u00e7\u00e3o. (http:\/\/www.planalto.gov.br\/ccivil_03\/_ato2004-2006\/2006\/lei\/l11340.htm) Lei Carolina Dieckmann (12.737\/2012): Tornou\u00a0crime a invas\u00e3o de aparelhos eletr\u00f4nicos para obten\u00e7\u00e3o de dados particulares. (http:\/\/www.planalto.gov.br\/ccivil_03\/_ato2011-2014\/2012\/lei\/l12737.htm) Lei do Minuto Seguinte (12.845\/2013): Oferece garantias a v\u00edtimas de viol\u00eancia sexual, como atendimento<br \/><a class=\"moretag\" href=\"http:\/\/coordenadoriadamulher.campinagrande.pb.gov.br\/?page_id=99\">+ Read More<\/a><\/p>\n","protected":false},"author":1,"featured_media":62,"parent":0,"menu_order":0,"comment_status":"closed","ping_status":"closed","template":"templates\/page-fullwidth_template.php","meta":{"footnotes":""},"class_list":["post-99","page","type-page","status-publish","has-post-thumbnail","hentry"],"rttpg_featured_image_url":{"full":["http:\/\/coordenadoriadamulher.campinagrande.pb.gov.br\/wp-content\/uploads\/2022\/02\/textura-1.jpg",1400,789,false],"landscape":["http:\/\/coordenadoriadamulher.campinagrande.pb.gov.br\/wp-content\/uploads\/2022\/02\/textura-1.jpg",1400,789,false],"portraits":["http:\/\/coordenadoriadamulher.campinagrande.pb.gov.br\/wp-content\/uploads\/2022\/02\/textura-1.jpg",1400,789,false],"thumbnail":["http:\/\/coordenadoriadamulher.campinagrande.pb.gov.br\/wp-content\/uploads\/2022\/02\/textura-1.jpg",150,85,false],"medium":["http:\/\/coordenadoriadamulher.campinagrande.pb.gov.br\/wp-content\/uploads\/2022\/02\/textura-1.jpg",300,169,false],"large":["http:\/\/coordenadoriadamulher.campinagrande.pb.gov.br\/wp-content\/uploads\/2022\/02\/textura-1.jpg",1024,577,false],"1536x1536":["http:\/\/coordenadoriadamulher.campinagrande.pb.gov.br\/wp-content\/uploads\/2022\/02\/textura-1.jpg",1400,789,false],"2048x2048":["http:\/\/coordenadoriadamulher.campinagrande.pb.gov.br\/wp-content\/uploads\/2022\/02\/textura-1.jpg",1400,789,false],"complete_thumb":["http:\/\/coordenadoriadamulher.campinagrande.pb.gov.br\/wp-content\/uploads\/2022\/02\/textura-1.jpg",400,225,false],"footerthumb":["http:\/\/coordenadoriadamulher.campinagrande.pb.gov.br\/wp-content\/uploads\/2022\/02\/textura-1.jpg",72,41,false]},"rttpg_author":{"display_name":"SECTI","author_link":"http:\/\/coordenadoriadamulher.campinagrande.pb.gov.br\/?author=1"},"rttpg_comment":0,"rttpg_category":null,"rttpg_excerpt":"Lei Maria da Penha (11.340\/2006): Cria mecanismos para coibir a viol\u00eancia dom\u00e9stica e familiar contra a mulher e estabelece medidas de assist\u00eancia e prote\u00e7\u00e3o. (http:\/\/www.planalto.gov.br\/ccivil_03\/_ato2004-2006\/2006\/lei\/l11340.htm) Lei Carolina Dieckmann (12.737\/2012): Tornou\u00a0crime a invas\u00e3o de aparelhos eletr\u00f4nicos para obten\u00e7\u00e3o de dados particulares. (http:\/\/www.planalto.gov.br\/ccivil_03\/_ato2011-2014\/2012\/lei\/l12737.htm) Lei do Minuto Seguinte (12.845\/2013): Oferece garantias a v\u00edtimas de viol\u00eancia sexual, como atendimento+&hellip;","_links":{"self":[{"href":"http:\/\/coordenadoriadamulher.campinagrande.pb.gov.br\/index.php?rest_route=\/wp\/v2\/pages\/99","targetHints":{"allow":["GET"]}}],"collection":[{"href":"http:\/\/coordenadoriadamulher.campinagrande.pb.gov.br\/index.php?rest_route=\/wp\/v2\/pages"}],"about":[{"href":"http:\/\/coordenadoriadamulher.campinagrande.pb.gov.br\/index.php?rest_route=\/wp\/v2\/types\/page"}],"author":[{"embeddable":true,"href":"http:\/\/coordenadoriadamulher.campinagrande.pb.gov.br\/index.php?rest_route=\/wp\/v2\/users\/1"}],"replies":[{"embeddable":true,"href":"http:\/\/coordenadoriadamulher.campinagrande.pb.gov.br\/index.php?rest_route=%2Fwp%2Fv2%2Fcomments&post=99"}],"version-history":[{"count":4,"href":"http:\/\/coordenadoriadamulher.campinagrande.pb.gov.br\/index.php?rest_route=\/wp\/v2\/pages\/99\/revisions"}],"predecessor-version":[{"id":136,"href":"http:\/\/coordenadoriadamulher.campinagrande.pb.gov.br\/index.php?rest_route=\/wp\/v2\/pages\/99\/revisions\/136"}],"wp:featuredmedia":[{"embeddable":true,"href":"http:\/\/coordenadoriadamulher.campinagrande.pb.gov.br\/index.php?rest_route=\/wp\/v2\/media\/62"}],"wp:attachment":[{"href":"http:\/\/coordenadoriadamulher.campinagrande.pb.gov.br\/index.php?rest_route=%2Fwp%2Fv2%2Fmedia&parent=99"}],"curies":[{"name":"wp","href":"https:\/\/api.w.org\/{rel}","templated":true}]}}