{"id":10,"date":"2019-11-05T10:42:10","date_gmt":"2019-11-05T13:42:10","guid":{"rendered":"http:\/\/demosktthemes.com\/free\/event\/?page_id=10"},"modified":"2022-03-04T09:51:35","modified_gmt":"2022-03-04T12:51:35","slug":"blog","status":"publish","type":"page","link":"http:\/\/coordenadoriadamulher.campinagrande.pb.gov.br\/?page_id=10","title":{"rendered":"Blog"},"content":{"rendered":"<style type='text\/css' media='all'>#rt-tpg-container-3144525680 .rt-holder .rt-woo-info .price{color:#0367bf;}body .rt-tpg-container .rt-tpg-isotope-buttons .selected,\n\t\t\t\t\t#rt-tpg-container-3144525680 .layout12 .rt-holder:hover .rt-detail,\n\t\t\t\t\t#rt-tpg-container-3144525680 .isotope8 .rt-holder:hover .rt-detail,\n\t\t\t\t\t#rt-tpg-container-3144525680 .carousel8 .rt-holder:hover .rt-detail,\n\t\t\t\t\t#rt-tpg-container-3144525680 .layout13 .rt-holder .overlay .post-info,\n\t\t\t\t\t#rt-tpg-container-3144525680 .isotope9 .rt-holder .overlay .post-info,\n\t\t\t\t\t#rt-tpg-container-3144525680.rt-tpg-container .layout4 .rt-holder .rt-detail,\n\t\t\t\t\t.rt-modal-3144525680 .md-content,\n\t\t\t\t\t.rt-modal-3144525680 .md-content > .rt-md-content-holder .rt-md-content,\n\t\t\t\t\t.rt-popup-wrap-3144525680.rt-popup-wrap .rt-popup-navigation-wrap,\n\t\t\t\t\t#rt-tpg-container-3144525680 .carousel9 .rt-holder .overlay .post-info{background-color:#0367bf;}#rt-tpg-container-3144525680 .layout5 .rt-holder .overlay, #rt-tpg-container-3144525680 .isotope2 .rt-holder .overlay, #rt-tpg-container-3144525680 .carousel2 .rt-holder .overlay,#rt-tpg-container-3144525680 .layout15 .rt-holder h3, #rt-tpg-container-3144525680 .isotope11 .rt-holder h3, #rt-tpg-container-3144525680 .carousel11 .rt-holder h3, #rt-tpg-container-3144525680 .layout16 .rt-holder h3,\n\t\t\t\t\t#rt-tpg-container-3144525680 .isotope12 .rt-holder h3, #rt-tpg-container-3144525680 .carousel12 .rt-holder h3 {background-color:rgba(3,103,191,0.8);}#rt-tpg-container-3144525680 .read-more a{border-radius:px;}#rt-tpg-container-3144525680 .rt-img-holder img.rt-img-responsive,#rt-tpg-container-3144525680 .rt-img-holder,\n\t\t\t\t\t#rt-tpg-container-3144525680 .rt-post-overlay .post-img,\n\t\t\t\t\t#rt-tpg-container-3144525680 .post-sm .post-img,\n\t\t\t\t\t#rt-tpg-container-3144525680 .rt-post-grid .post-img,\n\t\t\t\t\t#rt-tpg-container-3144525680 .post-img img {border-radius:px;}<\/style><div class='rt-container-fluid rt-tpg-container tpg-shortcode-main-wrapper ' id='rt-tpg-container-3144525680'   data-layout='layout2' data-grid-style='even' data-desktop-col='3'  data-tab-col='2'  data-mobile-col='1' data-sc-id='203'><div class=\"tpg-widget-heading-wrapper heading-style1 \"><span class=\"tpg-widget-heading-line line-left\"><\/span><h2 class=\"tpg-widget-heading\">Not\u00edcias<\/h2><span class=\"tpg-widget-heading-line\"><\/span><\/div><div data-title='Loading ...' class='rt-row rt-content-loader   layout2 tpg-even '><div class=\"rt-col-md-4 rt-col-sm-6 rt-col-xs-12 even-grid-item rt-grid-item\" data-id=\"325\"><div class=\"rt-holder\"><div class=\"rt-row\"><div class='rt-col-sm-4 rt-col-xs-12 '><div class=\"rt-img-holder\"><a data-id='325' class='' href='http:\/\/coordenadoriadamulher.campinagrande.pb.gov.br\/?p=325'><img loading=\"lazy\" decoding=\"async\" width=\"1024\" height=\"683\" src=\"http:\/\/coordenadoriadamulher.campinagrande.pb.gov.br\/wp-content\/uploads\/2022\/08\/IMG-20220812-WA0021-1024x683-1.jpeg\" class=\"rt-img-responsive \" alt=\"\" \/><\/a><\/div><\/div><div class='rt-col-sm-8 rt-col-xs-12 '><div class='rt-detail'><h3 class=\"entry-title\"><a data-id=\"325\" class=\"\" href=\"http:\/\/coordenadoriadamulher.campinagrande.pb.gov.br\/?p=325\">Coordenadoria da Mulher da Prefeitura de Campina Grande Lan\u00e7a projeto \u201cBem Me Quero\u201d<\/a><\/h3><div class='post-meta-user '><span class='date-meta'><i class='far fa-calendar-alt '><\/i>12 de agosto de 2022<\/span><span class='categories-links'><i class='fas fa-folder-open '><\/i><a class=\"sem-categoria\" href=\"http:\/\/coordenadoriadamulher.campinagrande.pb.gov.br\/?cat=1\" rel=\"tag\">Geral<\/a><\/span><span class=\"comment-count\"><i class='fas fa-comments '><\/i>(0)<\/span><\/div><div class='tpg-excerpt'>A\u00e7\u00e3o visa promover autocuidado para mulheres que vivem em situa\u00e7\u00e3o de vulnerabilidade social A Prefeitura...<\/div><span class='read-more '><a data-id='325' class='' href='http:\/\/coordenadoriadamulher.campinagrande.pb.gov.br\/?p=325'>Read More<\/a><\/span><\/div><\/div><\/div><\/div><\/div><div class=\"rt-col-md-4 rt-col-sm-6 rt-col-xs-12 even-grid-item rt-grid-item\" data-id=\"319\"><div class=\"rt-holder\"><div class=\"rt-row\"><div class='rt-col-sm-4 rt-col-xs-12 '><div class=\"rt-img-holder\"><a data-id='319' class='' href='http:\/\/coordenadoriadamulher.campinagrande.pb.gov.br\/?p=319'><img loading=\"lazy\" decoding=\"async\" width=\"1600\" height=\"1196\" src=\"http:\/\/coordenadoriadamulher.campinagrande.pb.gov.br\/wp-content\/uploads\/2022\/08\/WhatsApp-Image-2022-08-10-at-18.52.53-1-1.jpeg\" class=\"rt-img-responsive \" alt=\"\" \/><\/a><\/div><\/div><div class='rt-col-sm-8 rt-col-xs-12 '><div class='rt-detail'><h3 class=\"entry-title\"><a data-id=\"319\" class=\"\" href=\"http:\/\/coordenadoriadamulher.campinagrande.pb.gov.br\/?p=319\">Coordenadoria da Mulher da Prefeitura de Campina Grande faz acordo de colabora\u00e7\u00e3o t\u00e9cnica com Defensoria P\u00fablica Estadual<\/a><\/h3><div class='post-meta-user '><span class='date-meta'><i class='far fa-calendar-alt '><\/i>10 de agosto de 2022<\/span><span class='categories-links'><i class='fas fa-folder-open '><\/i><a class=\"sem-categoria\" href=\"http:\/\/coordenadoriadamulher.campinagrande.pb.gov.br\/?cat=1\" rel=\"tag\">Geral<\/a><\/span><span class=\"comment-count\"><i class='fas fa-comments '><\/i>(0)<\/span><\/div><div class='tpg-excerpt'>Representantes da Coordenadoria da Mulher da Prefeitura de Campina Grande assinaram na tarde desta quarta-feira...<\/div><span class='read-more '><a data-id='319' class='' href='http:\/\/coordenadoriadamulher.campinagrande.pb.gov.br\/?p=319'>Read More<\/a><\/span><\/div><\/div><\/div><\/div><\/div><div class=\"rt-col-md-4 rt-col-sm-6 rt-col-xs-12 even-grid-item rt-grid-item\" data-id=\"315\"><div class=\"rt-holder\"><div class=\"rt-row\"><div class='rt-col-sm-4 rt-col-xs-12 '><div class=\"rt-img-holder\"><a data-id='315' class='' href='http:\/\/coordenadoriadamulher.campinagrande.pb.gov.br\/?p=315'><img loading=\"lazy\" decoding=\"async\" width=\"1024\" height=\"576\" src=\"http:\/\/coordenadoriadamulher.campinagrande.pb.gov.br\/wp-content\/uploads\/2022\/08\/coordenadoriadamulher1.jpg\" class=\"rt-img-responsive \" alt=\"\" \/><\/a><\/div><\/div><div class='rt-col-sm-8 rt-col-xs-12 '><div class='rt-detail'><h3 class=\"entry-title\"><a data-id=\"315\" class=\"\" href=\"http:\/\/coordenadoriadamulher.campinagrande.pb.gov.br\/?p=315\">Prefeitura de Campina Grande promove na Pra\u00e7a da Bandeira servi\u00e7os oferecidos pela Coordenadoria da Mulher, em alus\u00e3o ao Agosto Lil\u00e1s<\/a><\/h3><div class='post-meta-user '><span class='date-meta'><i class='far fa-calendar-alt '><\/i>9 de agosto de 2022<\/span><span class='categories-links'><i class='fas fa-folder-open '><\/i><a class=\"sem-categoria\" href=\"http:\/\/coordenadoriadamulher.campinagrande.pb.gov.br\/?cat=1\" rel=\"tag\">Geral<\/a><\/span><span class=\"comment-count\"><i class='fas fa-comments '><\/i>(0)<\/span><\/div><div class='tpg-excerpt'>A\u00e7\u00f5es realizadas s\u00e3o para o p\u00fablico em geral com atendimentos de sa\u00fade e de car\u00e1ter...<\/div><span class='read-more '><a data-id='315' class='' href='http:\/\/coordenadoriadamulher.campinagrande.pb.gov.br\/?p=315'>Read More<\/a><\/span><\/div><\/div><\/div><\/div><\/div><div class=\"rt-col-md-4 rt-col-sm-6 rt-col-xs-12 even-grid-item rt-grid-item\" data-id=\"307\"><div class=\"rt-holder\"><div class=\"rt-row\"><div class='rt-col-sm-4 rt-col-xs-12 '><div class=\"rt-img-holder\"><a data-id='307' class='' href='http:\/\/coordenadoriadamulher.campinagrande.pb.gov.br\/?p=307'><img loading=\"lazy\" decoding=\"async\" width=\"1080\" height=\"1080\" src=\"http:\/\/coordenadoriadamulher.campinagrande.pb.gov.br\/wp-content\/uploads\/2022\/08\/Post-Quadrado-Campanha-Junho-Violeta-.png\" class=\"rt-img-responsive \" alt=\"\" \/><\/a><\/div><\/div><div class='rt-col-sm-8 rt-col-xs-12 '><div class='rt-detail'><h3 class=\"entry-title\"><a data-id=\"307\" class=\"\" href=\"http:\/\/coordenadoriadamulher.campinagrande.pb.gov.br\/?p=307\">LEI MARIA DA PENHA \u00c9 CELEBRADA NO DIA 07 DE AGOSTO E A COORDENADORIA DA MULHER DESTACA A IMPORT\u00c2NCIA DE COMEMORAR A DATA<\/a><\/h3><div class='post-meta-user '><span class='date-meta'><i class='far fa-calendar-alt '><\/i>7 de agosto de 2022<\/span><span class='categories-links'><i class='fas fa-folder-open '><\/i><a class=\"sem-categoria\" href=\"http:\/\/coordenadoriadamulher.campinagrande.pb.gov.br\/?cat=1\" rel=\"tag\">Geral<\/a><\/span><span class=\"comment-count\"><i class='fas fa-comments '><\/i>(0)<\/span><\/div><div class='tpg-excerpt'>Neste Domingo a Lei Maria da Penha (Lei 11.340\/06) completa 16 anos. Conhecida mundialmente por...<\/div><span class='read-more '><a data-id='307' class='' href='http:\/\/coordenadoriadamulher.campinagrande.pb.gov.br\/?p=307'>Read More<\/a><\/span><\/div><\/div><\/div><\/div><\/div><div class=\"rt-col-md-4 rt-col-sm-6 rt-col-xs-12 even-grid-item rt-grid-item\" data-id=\"300\"><div class=\"rt-holder\"><div class=\"rt-row\"><div class='rt-col-sm-4 rt-col-xs-12 '><div class=\"rt-img-holder\"><a data-id='300' class='' href='http:\/\/coordenadoriadamulher.campinagrande.pb.gov.br\/?p=300'><img loading=\"lazy\" decoding=\"async\" width=\"1080\" height=\"1080\" src=\"http:\/\/coordenadoriadamulher.campinagrande.pb.gov.br\/wp-content\/uploads\/2022\/08\/Agosto-lilas-arte.jpg\" class=\"rt-img-responsive \" alt=\"\" \/><\/a><\/div><\/div><div class='rt-col-sm-8 rt-col-xs-12 '><div class='rt-detail'><h3 class=\"entry-title\"><a data-id=\"300\" class=\"\" href=\"http:\/\/coordenadoriadamulher.campinagrande.pb.gov.br\/?p=300\">Prefeitura de Campina Grande promove a\u00e7\u00f5es comemorativas ao Agosto Lil\u00e1s e Coordenadoria da Mulher estar\u00e1 \u00e0 frente das atividade<\/a><\/h3><div class='post-meta-user '><span class='date-meta'><i class='far fa-calendar-alt '><\/i>2 de agosto de 2022<\/span><span class='categories-links'><i class='fas fa-folder-open '><\/i><a class=\"sem-categoria\" href=\"http:\/\/coordenadoriadamulher.campinagrande.pb.gov.br\/?cat=1\" rel=\"tag\">Geral<\/a><\/span><span class=\"comment-count\"><i class='fas fa-comments '><\/i>(0)<\/span><\/div><div class='tpg-excerpt'>Campanha de Conscientiza\u00e7\u00e3o destaca atividades que ser\u00e3o oferecidas durante todo este m\u00eas A Prefeitura de...<\/div><span class='read-more '><a data-id='300' class='' href='http:\/\/coordenadoriadamulher.campinagrande.pb.gov.br\/?p=300'>Read More<\/a><\/span><\/div><\/div><\/div><\/div><\/div><\/div><\/div>\n    <!-- sktbuilder starter --><script type=\"text\/javascript\" src=\"http:\/\/coordenadoriadamulher.campinagrande.pb.gov.br\/wp-content\/plugins\/skt-builder\/sktbuilder\/sktbuilder-frontend-starter.js\"><\/script><script type=\"text\/javascript\" src=\"http:\/\/coordenadoriadamulher.campinagrande.pb.gov.br\/wp-content\/plugins\/skt-builder\/sktbuilder-wordpress-driver.js\"><\/script><script type=\"text\/javascript\"> var starter = new SktbuilderStarter({\"mode\": \"prod\", \"skip\":[\"jquery\",\"underscore\",\"backbone\"],\"sktbuilderUrl\": \"http:\/\/coordenadoriadamulher.campinagrande.pb.gov.br\/wp-content\/plugins\/skt-builder\/sktbuilder\/\", \"driver\": new SktbuilderWordpressDriver({\"ajaxUrl\": \"http:\/\/coordenadoriadamulher.campinagrande.pb.gov.br\/wp-admin\/admin-ajax.php\", \"iframeUrl\": \"http:\/\/coordenadoriadamulher.campinagrande.pb.gov.br\/?p=300&sktbuilder=true\", \"pageId\": 300, \"pages\": [{\"title\":\"Home\",\"url\":\"http:\\\/\\\/coordenadoriadamulher.campinagrande.pb.gov.br\\\/wp-admin\\\/post.php?post=8&action=sktbuilder\"},{\"title\":\"Equipe\",\"url\":\"http:\\\/\\\/coordenadoriadamulher.campinagrande.pb.gov.br\\\/wp-admin\\\/post.php?post=88&action=sktbuilder\"},{\"title\":\"Contato\",\"url\":\"http:\\\/\\\/coordenadoriadamulher.campinagrande.pb.gov.br\\\/wp-admin\\\/post.php?post=192&action=sktbuilder\"}], \"page\": \"Prefeitura de Campina Grande promove a\u00e7\u00f5es comemorativas ao Agosto Lil\u00e1s e Coordenadoria da Mulher estar\u00e1 \u00e0 frente das atividade\" }) });<\/script><!-- end sktbuilder starter -->","protected":false},"excerpt":{"rendered":"","protected":false},"author":1,"featured_media":62,"parent":0,"menu_order":0,"comment_status":"closed","ping_status":"closed","template":"templates\/page-fullwidth_template.php","meta":{"footnotes":""},"class_list":["post-10","page","type-page","status-publish","has-post-thumbnail","hentry"],"rttpg_featured_image_url":{"full":["http:\/\/coordenadoriadamulher.campinagrande.pb.gov.br\/wp-content\/uploads\/2022\/02\/textura-1.jpg",1400,789,false],"landscape":["http:\/\/coordenadoriadamulher.campinagrande.pb.gov.br\/wp-content\/uploads\/2022\/02\/textura-1.jpg",1400,789,false],"portraits":["http:\/\/coordenadoriadamulher.campinagrande.pb.gov.br\/wp-content\/uploads\/2022\/02\/textura-1.jpg",1400,789,false],"thumbnail":["http:\/\/coordenadoriadamulher.campinagrande.pb.gov.br\/wp-content\/uploads\/2022\/02\/textura-1.jpg",150,85,false],"medium":["http:\/\/coordenadoriadamulher.campinagrande.pb.gov.br\/wp-content\/uploads\/2022\/02\/textura-1.jpg",300,169,false],"large":["http:\/\/coordenadoriadamulher.campinagrande.pb.gov.br\/wp-content\/uploads\/2022\/02\/textura-1.jpg",1024,577,false],"1536x1536":["http:\/\/coordenadoriadamulher.campinagrande.pb.gov.br\/wp-content\/uploads\/2022\/02\/textura-1.jpg",1400,789,false],"2048x2048":["http:\/\/coordenadoriadamulher.campinagrande.pb.gov.br\/wp-content\/uploads\/2022\/02\/textura-1.jpg",1400,789,false],"complete_thumb":["http:\/\/coordenadoriadamulher.campinagrande.pb.gov.br\/wp-content\/uploads\/2022\/02\/textura-1.jpg",400,225,false],"footerthumb":["http:\/\/coordenadoriadamulher.campinagrande.pb.gov.br\/wp-content\/uploads\/2022\/02\/textura-1.jpg",72,41,false]},"rttpg_author":{"display_name":"SECTI","author_link":"http:\/\/coordenadoriadamulher.campinagrande.pb.gov.br\/?author=1"},"rttpg_comment":0,"rttpg_category":"","rttpg_excerpt":null,"_links":{"self":[{"href":"http:\/\/coordenadoriadamulher.campinagrande.pb.gov.br\/index.php?rest_route=\/wp\/v2\/pages\/10","targetHints":{"allow":["GET"]}}],"collection":[{"href":"http:\/\/coordenadoriadamulher.campinagrande.pb.gov.br\/index.php?rest_route=\/wp\/v2\/pages"}],"about":[{"href":"http:\/\/coordenadoriadamulher.campinagrande.pb.gov.br\/index.php?rest_route=\/wp\/v2\/types\/page"}],"author":[{"embeddable":true,"href":"http:\/\/coordenadoriadamulher.campinagrande.pb.gov.br\/index.php?rest_route=\/wp\/v2\/users\/1"}],"replies":[{"embeddable":true,"href":"http:\/\/coordenadoriadamulher.campinagrande.pb.gov.br\/index.php?rest_route=%2Fwp%2Fv2%2Fcomments&post=10"}],"version-history":[{"count":2,"href":"http:\/\/coordenadoriadamulher.campinagrande.pb.gov.br\/index.php?rest_route=\/wp\/v2\/pages\/10\/revisions"}],"predecessor-version":[{"id":204,"href":"http:\/\/coordenadoriadamulher.campinagrande.pb.gov.br\/index.php?rest_route=\/wp\/v2\/pages\/10\/revisions\/204"}],"wp:featuredmedia":[{"embeddable":true,"href":"http:\/\/coordenadoriadamulher.campinagrande.pb.gov.br\/index.php?rest_route=\/wp\/v2\/media\/62"}],"wp:attachment":[{"href":"http:\/\/coordenadoriadamulher.campinagrande.pb.gov.br\/index.php?rest_route=%2Fwp%2Fv2%2Fmedia&parent=10"}],"curies":[{"name":"wp","href":"https:\/\/api.w.org\/{rel}","templated":true}]}}